 5*h + 0*v = -v + 18. Suppose 0*b + 99 = h*b. Calculate the highest common divisor of 3 and b.
3
Let h = 37 - 61. Let g be 16/h*(-27)/2. Calculate the highest common divisor of 9 and g.
9
Let i(p) = 4*p. Let t be i(1). Suppose t*n = 9*n - 440. What is the greatest common divisor of 11 and n?
11
Suppose 5*t - t = 48. Calculate the greatest common divisor of t and 24.
12
Suppose 3*i = -q + 163, -4*q = 2*i - 5*i + 158. Let z = -7 + 13. Calculate the highest common factor of z and i.
6
Let p be (-236)/177 - 2/6*-46. Calculate the highest common factor of 35 and p.
7
Suppose 7*f + 102 = 3*g + 4*f, 5*g - f - 174 = 0. Calculate the highest common divisor of g and 175.
35
Let g = 6 - 2. Let i be (1 - 2)/(1/(-5)). Suppose g*z + 148 = 4*b, -i = 4*z + z. Calculate the greatest common factor of 90 and b.
18
Let i be (4/6)/((-12)/(-252)). What is the greatest common divisor of 7 and i?
7
Let i = 11 + -7. Suppose -7*k = -5*k - i. Calculate the greatest common divisor of k and 18.
2
Let k = -11 - -19. Suppose -4*h - 7 = 9. Let p be (-2)/4*h - -38. Calculate the greatest common divisor of k and p.
8
Suppose 2*w + 3*w - 61 = -4*f, 4*f - 22 = -2*w. What is the greatest common divisor of w and 39?
13
Suppose 3*v + 15 = 8*v. Suppose -4*n = -0*d + v*d - 25, 4*n - 29 = d. Let r(a) = a**3 + a + 56. Let j be r(0). What is the highest common divisor of n and j?
7
Suppose 0 = -c + 3*h - 11, -4*c - h + 6 = -2*c. Let z = 22 + -13. Suppose 5*n = 2*n + z. Calculate the highest common factor of n and c.
1
Suppose 0 = 9*p - 3*p - 252. Calculate the greatest common factor of p and 105.
21
Let u = 199 - 82. Let v = -16 - -11. Let b = 8 - v. What is the greatest common divisor of u and b?
13
Let r be 2/(0 - 2/(-5)). Let a = 9 + r. Suppose 0 = -2*h + a + 6. Calculate the highest common factor of 40 and h.
10
Let d(c) = -7*c - 47. Let z be d(-11). What is the highest common divisor of 6 and z?
6
Suppose -4*u = -86 + 14. Let z be 0 + 1 - (2 + -7). What is the highest common divisor of z and u?
6
Let o = 6 - 6. Suppose 3*r - 3*v = -o*r - 9, -5*r + 1 = -v. Let m(l) = l**2 - 2*l + 3. Let q be m(4). Calculate the highest common factor of r and q.
1
Suppose w - 16 = -2*m, -3*m = -0*w + 3*w - 18. Let u = m + 0. Let s = -11 - -16. Calculate the greatest common factor of s and u.
5
Let g(u) = -u**3 + u + 0*u**3 + 44 - 43 + 5*u**2. Suppose 2*m = 4*m - 6. Let w be g(m). What is the greatest common divisor of 11 and w?
11
Let v be ((-4)/10)/((-7)/350). Calculate the greatest common factor of 30 and v.
10
Suppose a = 2 + 4. Let h = a + -4. Suppose 7 = 5*o - m + 3*m, -h*m = 8. Calculate the greatest common factor of o and 33.
3
Let l be 8/12 - (-109)/3. Suppose 4*s + 46 = -38. Let v = l + s. Calculate the greatest common divisor of v and 8.
8
Suppose -35 = 4*r + 5. Let k(p) = -18*p - 12. Let c be k(r). Calculate the highest common divisor of 21 and c.
21
Let u(a) = a**2 - 11*a + 15. Let f be u(10). Calculate the highest common factor of 1 and f.
1
Let l be (-25)/1 - (1 + -2). Let z = 48 + l. Calculate the highest common factor of 12 and z.
12
Let d be -3 + 5 - (0 + -18). Let y be 302/5 + 6/(-15). What is the greatest common factor of y and d?
20
Let o(l) = -l**2 - l + 36. Let y be o(0). What is the highest common divisor of y and 144?
36
Suppose -4*l = -4, -2*k - 2*l + 15 = -l. Calculate the greatest common factor of 28 and k.
7
Let g = 8 - 4. Suppose 2*c = -2*z - g, 0 = -5*c - 5*z + 2*z - 10. Let k be c + (-1)/(2/(-74)). Calculate the greatest common factor of k and 14.
7
Let f = 18 - -37. Calculate the greatest common divisor of f and 11.
11
Let o be (-1)/2 - (-1)/(-2). Let k be (29 - o)/(12/8). What is the highest common divisor of k and 10?
10
Let u = -8 + 18. Let o(d) = -22*d - 1 + 22*d + 11*d**2. Let m be o(-1). Calculate the greatest common factor of m and u.
10
Let j be 3/4*24/1. Suppose -n = -3*n + 108. Calculate the greatest common divisor of n and j.
18
Suppose -f + 5 = 20. Let s be 110/(-4)*12/f. Calculate the greatest common factor of 88 and s.
22
Suppose -3*u + 239 - 67 = 4*d, -u + 4 = 0. Let x = -15 + 23. Calculate the greatest common divisor of x and d.
8
Let s(t) = 4*t - 9*t + 7 - 11. Let a be s(-2). What is the greatest common divisor of a and 24?
6
Suppose -25 = -5*i + 2*q, q = 5*i - 0*q - 25. Suppose -g - 4*g + 3*l + 79 = 0, -2*g + i*l = -43. What is the highest common divisor of g and 35?
7
Suppose -6*q + 2*d + 22 = -q, -5*d = 5. Let k = -42 - -46. Calculate the highest common divisor of q and k.
4
Suppose 3*t = 4 - 16. Let j be t/(-6) + (-50)/(-6). Suppose 0 = -0*z - z + 4*r + 84, 4*z + r - 285 = 0. What is the greatest common divisor of z and j?
9
Let y be -3 - (3 + -2 - 359). Suppose -3*i = -5*o - 541, -y = -2*i + 4*o + 3. What is the greatest common divisor of i and 17?
17
Let y(h) = 6*h**2 - 32*h + 6. Let s be y(10). What is the greatest common divisor of 26 and s?
26
Let j(r) = r**2 - 13*r - 12. Let f be j(14). What is the highest common factor of 3 and f?
1
Suppose f = -4*k + 701, 5*k + 5 = f + 888. Suppose -2*m + 0*m + k = 0. Calculate the greatest common factor of m and 11.
11
Suppose 7*f - 288 = 3*f. Let z = 14 - 5. Calculate the highest common factor of z and f.
9
Let l(s) = 2*s**2 - 3*s - 3. Let t be l(3). Let p be (-2)/6 + t/(-9). Let o be ((-28)/6)/(p/12). Calculate the greatest common factor of 8 and o.
8
Suppose 40 = 2*g - 20. Calculate the highest common factor of g and 10.
10
Suppose 4*y = 82 + 62. Calculate the greatest common factor of y and 324.
36
Suppose 4*i + 3*x = 3, -x = -4*i - 1 - 0. Let j be 53 + (-2 + i - -3). Calculate the highest common factor of 6 and j.
6
Suppose 8 = 2*b + 2*t - 0, 0 = b - 3*t + 4. Let s be -115*(-1)/b*2. Suppose -3*m - s = -8*m. Calculate the greatest common factor of 230 and m.
23
Suppose 262 - 102 = r. What is the greatest common factor of 64 and r?
32
Suppose -l + 0 = -3. Suppose l*s + s = -104. Let q be ((-9)/6)/3*s. What is the greatest common divisor of 52 and q?
13
Suppose 3*p + 120 = 7*p. Suppose 3*i = 6*a - 2*a + 50, 4*a - p = -5*i. What is the greatest common divisor of i and 2?
2
Let g be 1 - 1581/(-12) - (-9)/(-12). What is the greatest common divisor of g and 12?
12
Let v = -70 - -112. Let u be v/9 + (-2)/3. Suppose 7*i = u*i + 24. Calculate the highest common divisor of 8 and i.
8
Let w = 85 - 46. Calculate the greatest common divisor of 13 and w.
13
Suppose -4 = 3*k + 2*b - 23, 5*k - 4*b = -5. Let n = k - -1. Let m(y) = 9*y**2 - 7*y + 4. Let d be m(n). Calculate the highest common divisor of 24 and d.
24
Suppose 2*p - 6*p = -56. Suppose 8*x - 56 = 6*x. What is the highest common divisor of p and x?
14
Let k(h) = -h**3 + 6*h**2 + h - 7. Let r be k(6). Let b be (-2 - -12 - -1) + r. What is the greatest common factor of b and 70?
10
Suppose -z - 3 - 5 = 0. Let u = 20 + z. What is the highest common factor of 84 and u?
12
Let h(i) = i**3 - 7*i**2 - 6*i - 4. Suppose 2*c - 4 = -0*c. Suppose 2*t = -c*t + 32. Let m be h(t). Calculate the greatest common divisor of m and 132.
12
Let k(w) = -w**3 - 10*w**2 + 10*w - 2. Let l be k(-11). Calculate the greatest common divisor of 18 and l.
9
Suppose 4*c - 4*q = 268, 2*q + 202 = 3*c + 2. Let h be 2/8 + (-696)/(-32). What is the greatest common factor of h and c?
22
Let o = -111 - -149. Calculate the highest common factor of 152 and o.
38
Let d = -12 + 36. Let p be (-19)/(-5) - (-2)/10. Suppose p*z = 5*z - 60. What is the greatest common divisor of d and z?
12
Let j(l) = 6*l**2 + 2*l. Let f be j(-2). Suppose -3*z - 159 = -3*g, -183 - 11 = -4*g - 2*z. What is the greatest common factor of f and g?
10
Let t be (6 + -16)*(-9)/6. What is the highest common factor of 15 and t?
15
Let m = 19 - -56. Calculate the greatest common factor of 15 and m.
15
Let s be 1*(-4 + 2) - -59. Suppose 89 = 5*b - 2*c, -b + 31 = 4*c - 0*c. What is the greatest common divisor of s and b?
19
Let v(p) = 18*p. Let g be v(3). Calculate the greatest common divisor of 18 and g.
18
Let h = 180 - 116. Calculate the highest common factor of h and 16.
16
Let d(i) = -67*i. Let y be d(-2). Suppose -5*h + y = -46. What is the highest common divisor of h and 12?
12
Suppose 19 = -4*x + 3*v - 23, -x - 17 = -4*v. Let u = 1 - x. Suppose -30 = -3*i + 30. Calculate the highest common factor of i and u.
10
Let j be 